{"id":8657,"date":"2020-12-29T12:02:26","date_gmt":"2020-12-29T11:02:26","guid":{"rendered":"http:\/\/www.vomi.de\/?post_type=wpfc_sermon&#038;p=8657"},"modified":"2022-09-25T17:26:14","modified_gmt":"2022-09-25T17:26:14","slug":"8657","status":"publish","type":"wpfc_sermon","link":"https:\/\/podcast.hope-kirche.de\/index.php\/sermons\/8657\/","title":{"rendered":"Jahreslosung 2021: &#8222;Das Wort des Jahres&#8220;"},"content":{"rendered":"<p>Am Ende jedes Jahres wird das &#8222;Wort des Jahres&#8220; bestimmt. Was auch immer Deine Wahl war, vermutlich hatte es mit der Corona-Pandemie zu tun&#8230; Spannender ist daher die Frage, was der Begriff sein soll, mit dem Du das kommende Jahr \u00fcberschreiben m\u00f6chtest?! F\u00fcr Christen vieler Konfessionen ist daf\u00fcr die sogenannte &#8222;Jahreslosung&#8220; ein wichtiger Impulsgeber. Die Jahreslosung 2021 stellt uns einen Begriff vor, der auf den ersten Blick als christlicher Insiderbegriff erscheint, bei genauerem Hinsehen allerdings sich als revolution\u00e4rer Ansatz, Antwort und Richtschnur f\u00fcr die vielen Herausforderungen und Ereignisse, die Dich pers\u00f6nlich und uns als ganze Weltgesellschaft 2021 erwartet, erweist. Kurz gesagt: Die Welt w\u00e4re eine bessere, wenn wir diesen Begriff als &#8222;Wort des Jahres&#8220; w\u00e4hlen w\u00fcrden.<\/p>\n","protected":false},"excerpt":{"rendered":"<p>Am Ende jedes Jahres wird das &#8222;Wort des Jahres&#8220; bestimmt. Was auch immer Deine Wahl war, vermutlich hatte es mit der Corona-Pandemie zu tun&#8230; Spannender ist daher die Frage, was der Begriff sein soll, mit dem Du das kommende Jahr \u00fcberschreiben m\u00f6chtest?! F\u00fcr Christen vieler Konfessionen ist daf\u00fcr die sogenannte &#8222;Jahreslosung&#8220; ein wichtiger Impulsgeber. Die [&hellip;]<\/p>\n","protected":false},"author":3,"featured_media":8659,"comment_status":"closed","ping_status":"closed","template":"","wpfc_preacher":[220],"wpfc_sermon_series":[],"wpfc_sermon_topics":[],"wpfc_bible_book":[],"wpfc_service_type":[],"class_list":["wpfc_preacher-stefan-uhlig","wpfc-sermon-single","post-8657","wpfc_sermon","type-wpfc_sermon","status-publish","has-post-thumbnail","hentry"],"sermon_audio":"https:\/\/vomi-wordpress-media.s3.eu-central-1.amazonaws.com\/podcast\/2022\/09\/25172610\/1DAS-WORT-DES-JAHRES-2021-_-Pastor-Stefan-Uhlig.mp4.mp3","sermon_audio_duration":"00:34:57","_views":"193","bible_passage":"","sermon_video_embed":"","sermon_video_url":"","sermon_bulletin":"","_featured_url":"https:\/\/vomi-wordpress-media.s3.eu-central-1.amazonaws.com\/podcast\/2020\/12\/25065444\/feed_Q85_RGB.jpg","sermon_date":1609502546,"_sermon_date_auto":false,"_links":{"self":[{"href":"https:\/\/podcast.hope-kirche.de\/index.php\/wp-json\/wp\/v2\/wpfc_sermon\/8657","targetHints":{"allow":["GET"]}}],"collection":[{"href":"https:\/\/podcast.hope-kirche.de\/index.php\/wp-json\/wp\/v2\/wpfc_sermon"}],"about":[{"href":"https:\/\/podcast.hope-kirche.de\/index.php\/wp-json\/wp\/v2\/types\/wpfc_sermon"}],"author":[{"embeddable":true,"href":"https:\/\/podcast.hope-kirche.de\/index.php\/wp-json\/wp\/v2\/users\/3"}],"replies":[{"embeddable":true,"href":"https:\/\/podcast.hope-kirche.de\/index.php\/wp-json\/wp\/v2\/comments?post=8657"}],"version-history":[{"count":1,"href":"https:\/\/podcast.hope-kirche.de\/index.php\/wp-json\/wp\/v2\/wpfc_sermon\/8657\/revisions"}],"predecessor-version":[{"id":12162,"href":"https:\/\/podcast.hope-kirche.de\/index.php\/wp-json\/wp\/v2\/wpfc_sermon\/8657\/revisions\/12162"}],"wp:featuredmedia":[{"embeddable":true,"href":"https:\/\/podcast.hope-kirche.de\/index.php\/wp-json\/wp\/v2\/media\/8659"}],"wp:attachment":[{"href":"https:\/\/podcast.hope-kirche.de\/index.php\/wp-json\/wp\/v2\/media?parent=8657"}],"wp:term":[{"taxonomy":"wpfc_preacher","embeddable":true,"href":"https:\/\/podcast.hope-kirche.de\/index.php\/wp-json\/wp\/v2\/wpfc_preacher?post=8657"},{"taxonomy":"wpfc_sermon_series","embeddable":true,"href":"https:\/\/podcast.hope-kirche.de\/index.php\/wp-json\/wp\/v2\/wpfc_sermon_series?post=8657"},{"taxonomy":"wpfc_sermon_topics","embeddable":true,"href":"https:\/\/podcast.hope-kirche.de\/index.php\/wp-json\/wp\/v2\/wpfc_sermon_topics?post=8657"},{"taxonomy":"wpfc_bible_book","embeddable":true,"href":"https:\/\/podcast.hope-kirche.de\/index.php\/wp-json\/wp\/v2\/wpfc_bible_book?post=8657"},{"taxonomy":"wpfc_service_type","embeddable":true,"href":"https:\/\/podcast.hope-kirche.de\/index.php\/wp-json\/wp\/v2\/wpfc_service_type?post=8657"}],"curies":[{"name":"wp","href":"https:\/\/api.w.org\/{rel}","templated":true}]}}

<p>Am Ende jedes Jahres wird das &#8222;Wort des Jahres&#8220; bestimmt. Was auch immer Deine Wahl war, vermutlich hatte es mit der Corona-Pandemie zu tun&#8230; Spannender ist daher die Frage, was der Begriff sein soll, mit dem Du das kommende Jahr überschreiben möchtest?! Für Christen vieler Konfessionen ist dafür die sogenannte &#8222;Jahreslosung&#8220; ein wichtiger Impulsgeber. Die Jahreslosung 2021 stellt uns einen Begriff vor, der auf den ersten Blick als christlicher Insiderbegriff erscheint, bei genauerem Hinsehen allerdings sich als revolutionärer Ansatz, Antwort und Richtschnur für die vielen Herausforderungen und Ereignisse, die Dich persönlich und uns als ganze Weltgesellschaft 2021 erwartet, erweist. Kurz gesagt: Die Welt wäre eine bessere, wenn wir diesen Begriff als &#8222;Wort des Jahres&#8220; wählen würden.</p>

<p>Am Ende jedes Jahres wird das &#8222;Wort des Jahres&#8220; bestimmt. Was auch immer Deine Wahl war, vermutlich hatte es mit der Corona-Pandemie zu tun&#8230; Spannender ist daher die Frage, was der Begriff sein soll, mit dem Du das kommende Jahr überschreiben möchtest?! Für Christen vieler Konfessionen ist dafür die sogenannte &#8222;Jahreslosung&#8220; ein wichtiger Impulsgeber. Die [&hellip;]</p>
