{"id":7952,"date":"2020-07-19T12:46:37","date_gmt":"2020-07-19T10:46:37","guid":{"rendered":"http:\/\/www.vomi.de\/?post_type=wpfc_sermon&#038;p=7952"},"modified":"2022-09-25T19:49:30","modified_gmt":"2022-09-25T19:49:30","slug":"du-brauchst-mehr-als-urlaub","status":"publish","type":"wpfc_sermon","link":"https:\/\/podcast.hope-kirche.de\/index.php\/sermons\/du-brauchst-mehr-als-urlaub\/","title":{"rendered":"Du brauchst mehr als Urlaub!"},"content":{"rendered":"<p>Die Urlaubszeit steht bevor und vielleicht war das Bed\u00fcrfnis nach Erholung nie gr\u00f6\u00dfer als in dieser (Corona-)Zeit. Dabei wussten wir auch schon vor Corona, dass freie Tage und etwas Urlaub allein keine Garantie daf\u00fcr sind, dass wir danach wieder erfrischt und gest\u00e4rkt sind. Wir brauchen mehr als das! Vielleicht ist das der Grund, warum wir in der Bibel nichts von \u201eUrlaub\u201c oder \u201eFerien\u201c lesen, daf\u00fcr aber ein viel tieferes Konzept der Ruhe und Freude kennenlernen, das der Sch\u00f6pfer f\u00fcr seine Sch\u00f6pfung bestimmt hat, um sie vor Ersch\u00f6pfung zu bewahren. Mehr davon h\u00f6rst Du in dieser Predigt.<\/p>\n","protected":false},"excerpt":{"rendered":"<p>Die Urlaubszeit steht bevor und vielleicht war das Bed\u00fcrfnis nach Erholung nie gr\u00f6\u00dfer als in dieser (Corona-)Zeit. Dabei wussten wir auch schon vor Corona, dass freie Tage und etwas Urlaub allein keine Garantie daf\u00fcr sind, dass wir danach wieder erfrischt und gest\u00e4rkt sind. Wir brauchen mehr als das! Vielleicht ist das der Grund, warum wir [&hellip;]<\/p>\n","protected":false},"author":4,"featured_media":7955,"comment_status":"closed","ping_status":"closed","template":"","wpfc_preacher":[220],"wpfc_sermon_series":[],"wpfc_sermon_topics":[],"wpfc_bible_book":[],"wpfc_service_type":[],"class_list":["wpfc_preacher-stefan-uhlig","wpfc-sermon-single","post-7952","wpfc_sermon","type-wpfc_sermon","status-publish","has-post-thumbnail","hentry"],"sermon_audio":"https:\/\/vomi-wordpress-media.s3.eu-central-1.amazonaws.com\/podcast\/2022\/09\/25194927\/Sing-meinen-Song-Psalm-119-1.mp3","sermon_audio_duration":"00:40:31","_views":"370","bible_passage":"","sermon_video_embed":"","sermon_video_url":"","sermon_bulletin":"","_featured_url":"https:\/\/podcast.hope-kirche.de\/wp-content\/uploads\/2020\/07\/Sonntag_predigt.png","sermon_date":1595162797,"_sermon_date_auto":false,"_links":{"self":[{"href":"https:\/\/podcast.hope-kirche.de\/index.php\/wp-json\/wp\/v2\/wpfc_sermon\/7952","targetHints":{"allow":["GET"]}}],"collection":[{"href":"https:\/\/podcast.hope-kirche.de\/index.php\/wp-json\/wp\/v2\/wpfc_sermon"}],"about":[{"href":"https:\/\/podcast.hope-kirche.de\/index.php\/wp-json\/wp\/v2\/types\/wpfc_sermon"}],"author":[{"embeddable":true,"href":"https:\/\/podcast.hope-kirche.de\/index.php\/wp-json\/wp\/v2\/users\/4"}],"replies":[{"embeddable":true,"href":"https:\/\/podcast.hope-kirche.de\/index.php\/wp-json\/wp\/v2\/comments?post=7952"}],"version-history":[{"count":2,"href":"https:\/\/podcast.hope-kirche.de\/index.php\/wp-json\/wp\/v2\/wpfc_sermon\/7952\/revisions"}],"predecessor-version":[{"id":12249,"href":"https:\/\/podcast.hope-kirche.de\/index.php\/wp-json\/wp\/v2\/wpfc_sermon\/7952\/revisions\/12249"}],"wp:featuredmedia":[{"embeddable":true,"href":"https:\/\/podcast.hope-kirche.de\/index.php\/wp-json\/wp\/v2\/media\/7955"}],"wp:attachment":[{"href":"https:\/\/podcast.hope-kirche.de\/index.php\/wp-json\/wp\/v2\/media?parent=7952"}],"wp:term":[{"taxonomy":"wpfc_preacher","embeddable":true,"href":"https:\/\/podcast.hope-kirche.de\/index.php\/wp-json\/wp\/v2\/wpfc_preacher?post=7952"},{"taxonomy":"wpfc_sermon_series","embeddable":true,"href":"https:\/\/podcast.hope-kirche.de\/index.php\/wp-json\/wp\/v2\/wpfc_sermon_series?post=7952"},{"taxonomy":"wpfc_sermon_topics","embeddable":true,"href":"https:\/\/podcast.hope-kirche.de\/index.php\/wp-json\/wp\/v2\/wpfc_sermon_topics?post=7952"},{"taxonomy":"wpfc_bible_book","embeddable":true,"href":"https:\/\/podcast.hope-kirche.de\/index.php\/wp-json\/wp\/v2\/wpfc_bible_book?post=7952"},{"taxonomy":"wpfc_service_type","embeddable":true,"href":"https:\/\/podcast.hope-kirche.de\/index.php\/wp-json\/wp\/v2\/wpfc_service_type?post=7952"}],"curies":[{"name":"wp","href":"https:\/\/api.w.org\/{rel}","templated":true}]}}

<p>Die Urlaubszeit steht bevor und vielleicht war das Bedürfnis nach Erholung nie größer als in dieser (Corona-)Zeit. Dabei wussten wir auch schon vor Corona, dass freie Tage und etwas Urlaub allein keine Garantie dafür sind, dass wir danach wieder erfrischt und gestärkt sind. Wir brauchen mehr als das! Vielleicht ist das der Grund, warum wir in der Bibel nichts von „Urlaub“ oder „Ferien“ lesen, dafür aber ein viel tieferes Konzept der Ruhe und Freude kennenlernen, das der Schöpfer für seine Schöpfung bestimmt hat, um sie vor Erschöpfung zu bewahren. Mehr davon hörst Du in dieser Predigt.</p>

<p>Die Urlaubszeit steht bevor und vielleicht war das Bedürfnis nach Erholung nie größer als in dieser (Corona-)Zeit. Dabei wussten wir auch schon vor Corona, dass freie Tage und etwas Urlaub allein keine Garantie dafür sind, dass wir danach wieder erfrischt und gestärkt sind. Wir brauchen mehr als das! Vielleicht ist das der Grund, warum wir [&hellip;]</p>
