{"id":6312,"date":"2019-04-21T12:48:12","date_gmt":"2019-04-21T10:48:12","guid":{"rendered":"http:\/\/www.vomi.de\/?post_type=wpfc_sermon&#038;p=6312"},"modified":"2022-09-26T15:03:42","modified_gmt":"2022-09-26T15:03:42","slug":"via-dolorosa-teil-4-der-garten","status":"publish","type":"wpfc_sermon","link":"https:\/\/podcast.hope-kirche.de\/index.php\/sermons\/via-dolorosa-teil-4-der-garten\/","title":{"rendered":"Via Dolorosa Teil 4: Der Garten"},"content":{"rendered":"<p>Stefan spricht in dieser Predigt \u00fcber Auferstehung, durch die der Tod vom Leben besiegt wird und gleichzeitig eine Perspektive er\u00f6ffnet, f\u00fcr die das Leben bereit ist zu sterben.<\/p>\n","protected":false},"excerpt":{"rendered":"<p>Stefan spricht in dieser Predigt \u00fcber Auferstehung, durch die der Tod vom Leben besiegt wird und gleichzeitig eine Perspektive er\u00f6ffnet, f\u00fcr die das Leben bereit ist zu sterben.<\/p>\n","protected":false},"author":4,"featured_media":6273,"comment_status":"closed","ping_status":"closed","template":"","wpfc_preacher":[220],"wpfc_sermon_series":[242],"wpfc_sermon_topics":[],"wpfc_bible_book":[],"wpfc_service_type":[],"class_list":["wpfc_preacher-stefan-uhlig","wpfc_sermon_series-via-dolorosa","wpfc-sermon-single","post-6312","wpfc_sermon","type-wpfc_sermon","status-publish","has-post-thumbnail","hentry"],"sermon_audio":"https:\/\/vomi-wordpress-media.s3.eu-central-1.amazonaws.com\/podcast\/2022\/09\/26150338\/Via-Dolorosa-Teil-4_-Der-Garten.mp3","sermon_audio_duration":"00:35:10","_views":"234","bible_passage":"","sermon_video_embed":"","sermon_video_url":"","sermon_bulletin":"","_featured_url":"https:\/\/vomi-wordpress-media.s3.eu-central-1.amazonaws.com\/podcast\/2019\/03\/25065211\/WEB_via-dolorosa.jpg","sermon_date":1555850892,"_sermon_date_auto":false,"_links":{"self":[{"href":"https:\/\/podcast.hope-kirche.de\/index.php\/wp-json\/wp\/v2\/wpfc_sermon\/6312","targetHints":{"allow":["GET"]}}],"collection":[{"href":"https:\/\/podcast.hope-kirche.de\/index.php\/wp-json\/wp\/v2\/wpfc_sermon"}],"about":[{"href":"https:\/\/podcast.hope-kirche.de\/index.php\/wp-json\/wp\/v2\/types\/wpfc_sermon"}],"author":[{"embeddable":true,"href":"https:\/\/podcast.hope-kirche.de\/index.php\/wp-json\/wp\/v2\/users\/4"}],"replies":[{"embeddable":true,"href":"https:\/\/podcast.hope-kirche.de\/index.php\/wp-json\/wp\/v2\/comments?post=6312"}],"version-history":[{"count":2,"href":"https:\/\/podcast.hope-kirche.de\/index.php\/wp-json\/wp\/v2\/wpfc_sermon\/6312\/revisions"}],"predecessor-version":[{"id":12328,"href":"https:\/\/podcast.hope-kirche.de\/index.php\/wp-json\/wp\/v2\/wpfc_sermon\/6312\/revisions\/12328"}],"wp:featuredmedia":[{"embeddable":true,"href":"https:\/\/podcast.hope-kirche.de\/index.php\/wp-json\/wp\/v2\/media\/6273"}],"wp:attachment":[{"href":"https:\/\/podcast.hope-kirche.de\/index.php\/wp-json\/wp\/v2\/media?parent=6312"}],"wp:term":[{"taxonomy":"wpfc_preacher","embeddable":true,"href":"https:\/\/podcast.hope-kirche.de\/index.php\/wp-json\/wp\/v2\/wpfc_preacher?post=6312"},{"taxonomy":"wpfc_sermon_series","embeddable":true,"href":"https:\/\/podcast.hope-kirche.de\/index.php\/wp-json\/wp\/v2\/wpfc_sermon_series?post=6312"},{"taxonomy":"wpfc_sermon_topics","embeddable":true,"href":"https:\/\/podcast.hope-kirche.de\/index.php\/wp-json\/wp\/v2\/wpfc_sermon_topics?post=6312"},{"taxonomy":"wpfc_bible_book","embeddable":true,"href":"https:\/\/podcast.hope-kirche.de\/index.php\/wp-json\/wp\/v2\/wpfc_bible_book?post=6312"},{"taxonomy":"wpfc_service_type","embeddable":true,"href":"https:\/\/podcast.hope-kirche.de\/index.php\/wp-json\/wp\/v2\/wpfc_service_type?post=6312"}],"curies":[{"name":"wp","href":"https:\/\/api.w.org\/{rel}","templated":true}]}}

<p>Stefan spricht in dieser Predigt über Auferstehung, durch die der Tod vom Leben besiegt wird und gleichzeitig eine Perspektive eröffnet, für die das Leben bereit ist zu sterben.</p>
